{"id":84,"date":"2021-04-02T09:07:54","date_gmt":"2021-04-02T06:07:54","guid":{"rendered":"https:\/\/olitaorany.lt\/krautuve\/?post_type=product&#038;p=84"},"modified":"2021-04-08T18:56:22","modified_gmt":"2021-04-08T15:56:22","slug":"atvirlaiskiu-rinkinys-2015","status":"publish","type":"product","link":"https:\/\/olitaorany.lt\/krautuve\/preke\/atvirlaiskiu-rinkinys-2015\/","title":{"rendered":"Atvirlai\u0161ki\u0173 rinkinys \u201eTiltas\u201c"},"content":{"rendered":"<p>16 nespalvot\u0173 archyvini\u0173 XIX am\u017eiaus <a href=\"\/..\/olita_tiltas.htm\"><strong>gele\u017einkelio tilto<\/strong><\/a> ir 16 spalvot\u0173 naujo Alytaus p\u0117s\u010di\u0173j\u0173 ir <a href=\"\/..\/naujas_tiltas\/statyba_2015B.htm\"><strong>dvira\u010di\u0173 tilto<\/strong><\/a> per Nemun\u0105 statybos akimirk\u0173. Atvirlai\u0161kiai sunumeruoti chronologine tvarka, apra\u0161ai lietuvi\u0173 ir angl\u0173 kalbomis leid\u017eia orientuotis senojo ir naujojo tilt\u0173 statyb\u0173 eigoje, palyginti skirting\u0173 am\u017ei\u0173 technologijas. Atvirukams skirtas originalus rank\u0173 darbo d\u0117klas, ant kurio lietuvi\u0173 ir angl\u0173 kalbomis pateikta trumpa \u010dia stov\u0117jusi\u0173 tilt\u0173 istorija. Gele\u017einkelio tilto statybos vaizdai i\u0161 Archivum Pa\u0144stwowe v Piotrkowe Tribunalskim.<\/p>\n","protected":false},"excerpt":{"rendered":"<p>Kolekcinis (pirmoji laida) 32 atvirlai\u0161ki\u0173 rinkinys originaliame rank\u0173 darbo d\u0117kle &#8211; vertinga dovana besidomintiems istorija ir techniniu paveldu.<\/p>\n","protected":false},"featured_media":85,"template":"","meta":{"site-sidebar-layout":"default","site-content-layout":"default","ast-site-content-layout":"","site-content-style":"default","site-sidebar-style":"default","ast-global-header-display":"","ast-banner-title-visibility":"","ast-main-header-display":"","ast-hfb-above-header-display":"","ast-hfb-below-header-display":"","ast-hfb-mobile-header-display":"","site-post-title":"","ast-breadcrumbs-content":"","ast-featured-img":"","footer-sml-layout":"","theme-transparent-header-meta":"default","adv-header-id-meta":"","stick-header-meta":"","header-above-stick-meta":"","header-main-stick-meta":"","header-below-stick-meta":"","astra-migrate-meta-layouts":"default","ast-page-background-enabled":"default","ast-page-background-meta":{"desktop":{"background-color":"var(--ast-global-color-4)","background-image":"","background-repeat":"repeat","background-position":"center center","background-size":"auto","background-attachment":"scroll","background-type":"","background-media":"","overlay-type":"","overlay-color":"","overlay-opacity":"","overlay-gradient":""},"tablet":{"background-color":"","background-image":"","background-repeat":"repeat","background-position":"center center","background-size":"auto","background-attachment":"scroll","background-type":"","background-media":"","overlay-type":"","overlay-color":"","overlay-opacity":"","overlay-gradient":""},"mobile":{"background-color":"","background-image":"","background-repeat":"repeat","background-position":"center center","background-size":"auto","background-attachment":"scroll","background-type":"","background-media":"","overlay-type":"","overlay-color":"","overlay-opacity":"","overlay-gradient":""}},"ast-content-background-meta":{"desktop":{"background-color":"var(--ast-global-color-5)","background-image":"","background-repeat":"repeat","background-position":"center center","background-size":"auto","background-attachment":"scroll","background-type":"","background-media":"","overlay-type":"","overlay-color":"","overlay-opacity":"","overlay-gradient":""},"tablet":{"background-color":"var(--ast-global-color-5)","background-image":"","background-repeat":"repeat","background-position":"center center","background-size":"auto","background-attachment":"scroll","background-type":"","background-media":"","overlay-type":"","overlay-color":"","overlay-opacity":"","overlay-gradient":""},"mobile":{"background-color":"var(--ast-global-color-5)","background-image":"","background-repeat":"repeat","background-position":"center center","background-size":"auto","background-attachment":"scroll","background-type":"","background-media":"","overlay-type":"","overlay-color":"","overlay-opacity":"","overlay-gradient":""}}},"product_brand":[],"product_cat":[20],"product_tag":[24,27,25,26],"class_list":{"0":"post-84","1":"product","2":"type-product","3":"status-publish","4":"has-post-thumbnail","6":"product_cat-leidiniai","7":"product_tag-atvirukai","8":"product_tag-kolekcinis","9":"product_tag-rinkinys","10":"product_tag-tiltas","11":"desktop-align-left","12":"tablet-align-left","13":"mobile-align-left","15":"first","16":"instock","17":"shipping-taxable","18":"purchasable","19":"product-type-simple"},"_links":{"self":[{"href":"https:\/\/olitaorany.lt\/krautuve\/wp-json\/wp\/v2\/product\/84","targetHints":{"allow":["GET"]}}],"collection":[{"href":"https:\/\/olitaorany.lt\/krautuve\/wp-json\/wp\/v2\/product"}],"about":[{"href":"https:\/\/olitaorany.lt\/krautuve\/wp-json\/wp\/v2\/types\/product"}],"wp:featuredmedia":[{"embeddable":true,"href":"https:\/\/olitaorany.lt\/krautuve\/wp-json\/wp\/v2\/media\/85"}],"wp:attachment":[{"href":"https:\/\/olitaorany.lt\/krautuve\/wp-json\/wp\/v2\/media?parent=84"}],"wp:term":[{"taxonomy":"product_brand","embeddable":true,"href":"https:\/\/olitaorany.lt\/krautuve\/wp-json\/wp\/v2\/product_brand?post=84"},{"taxonomy":"product_cat","embeddable":true,"href":"https:\/\/olitaorany.lt\/krautuve\/wp-json\/wp\/v2\/product_cat?post=84"},{"taxonomy":"product_tag","embeddable":true,"href":"https:\/\/olitaorany.lt\/krautuve\/wp-json\/wp\/v2\/product_tag?post=84"}],"curies":[{"name":"wp","href":"https:\/\/api.w.org\/{rel}","templated":true}]}}